hat is the units digit of w?
4
Suppose 2*p = -3*z - 2 + 4, 0 = -4*p - 4*z + 8. Let t(v) be the third derivative of v**5/15 - 5*v**4/8 + v**3/3 + 896*v**2. What is the units digit of t(p)?
6
Suppose -94 = 11*u - 58*u. Suppose -4*q = -q - 5*n - 17, -4*q - n = -15. Suppose 64 = -u*p + q*p. What is the tens digit of p?
3
Let f(b) = 34*b + 53. Let o(g) = 8*g. Let n(j) = f(j) + 6*o(j). What is the tens digit of n(17)?
4
Let l be 4 - ((-1 - -10) + -5) - -900. Suppose -5*n = -5*x - 1500, -3*x + l = 8*n - 5*n. What is the tens digit of n?
0
Let u = 171 + 633. Suppose -33*n + 37*n - u = 0. What is the units digit of n?
1
Let l = -1131 + 658. Let q = 672 + l. What is the tens digit of q?
9
Let p(c) = -191*c - 4247. What is the tens digit of p(-35)?
3
Let q be 99/55 - (-2)/10. Suppose -3*a + 5*f = -360, -2*a + 136 + 120 = q*f. What is the units digit of a?
5
Let f(n) = -n**2 + 10*n + 16. Let i be f(6). What is the hundreds digit of (1822/5)/(16/i) - -5?
9
Suppose -r = 9*r + 18*r - 563220. What is the hundreds digit of r?
1
Suppose -k - 9 = -3. Let n be (-1)/(-2 + (-13)/k). Let v(i) = i**2 - 3*i - 10. What is the units digit of v(n)?
4
Suppose 10*x = 12 + 8. Suppose 4*n = -x + 22. Suppose 349 = n*k + y, -6*y = -2*k - y + 118. What is the units digit of k?
9
Let a(w) = -119*w - 15. Let h(x) = x**2 - 236*x - 30. Let o(k) = -5*a(k) + 3*h(k). What is the tens digit of o(46)?
3
Let r(f) be the first derivative of 2*f**3 + 21*f**2/2 + 59*f + 109. What is the tens digit of r(-10)?
4
Let i(l) = 882*l - 6505. What is the ten thousands digit of i(24)?
1
Suppose -153*h + 155*h + 3146 = 0. Let f = -762 - h. What is the tens digit of f?
1
Suppose 24*l - u = 20*l + 9941, 0 = -3*l - u + 7454. What is the units digit of l?
5
Suppose -4*b + 4*c = -29320, -5*b - 37*c + 36643 = -41*c. What is the tens digit of b?
2
Let f = 0 - -5. Suppose -f*z + 8*z - 453 = 0. Suppose -4*y = 4*a - 184, -a - 3 = -3*y + z. What is the tens digit of y?
5
Let z = -5 - -8. Suppose t - o + 1 = -0*t, 0 = 3*t + o - 1. Suppose 366 = z*g - t*g. What is the hundreds digit of g?
1
Let z = -1037 - -1541. Suppose -2*h - 539 = -4*f + h, 4*f = -4*h + z. What is the units digit of f?
1
Suppose 39*a + 809461 = -4*a + 2860948. What is the tens digit of a?
0
Let f be (-18)/(-24) + 20/16. Suppose -f*g - 4*m + 440 = 0, 5*g + 5*m - 673 = 412. What is the tens digit of g?
1
What is the tens digit of (272/(-40) + 0)*-85?
7
Let n(v) = v**2 + 2*v - 32. Let r be n(5). Suppose -15 = r*o - 8*o. Suppose -o*k = -0*b + b - 142, 3*k = -2*b + 290. What is the units digit of b?
8
Let y be 2*((41 - 39) + 2/1). Suppose -4*z + v = -1897, v + 2378 = 5*z + 2*v. Suppose -z = -y*f + 3*f. What is the tens digit of f?
9
Let l = 2 - -2. Suppose 4 = w + 2*r - 9, 0 = l*w + 3*r - 27. Suppose w*s - 157 = -2*c, 4 = -3*c - c. What is the tens digit of s?
5
Suppose 6*a - 1015 = a. Suppose d + 126 = 2*s, 0 = -d + 4*s - 101 - 27. Let j = a + d. What is the tens digit of j?
7
What is the units digit of (-10379 - -1)/(6 - 8)?
9
Suppose 0 = -3*f - 0 + 18. Let w(i) = 7*i**3 + i**2 + 9*i - 17. Let b be w(f). Suppose -12*u - 517 = -b. What is the tens digit of u?
8
Let g(t) = -t**3 - 6*t**2 - 8*t + 3. Let v = -5 + 1. Let l be g(v). Suppose 0 = -3*k + 12, -120 = -c - l*c - k. What is the units digit of c?
9
Suppose -168*l = -1204615 - 1729505. What is the thousands digit of l?
7
Let x = -406 - -400. What is the units digit of (x + (-224)/10)*-15?
6
Suppose -50*t + 51*t = 1440. Suppose 9*p = -3*p - t. Let z = 320 + p. What is the units digit of z?
0
Let j(v) = -v**3 + v - 4. Let n be j(0). Let g be (-50 + 45)/(1 + -2). What is the units digit of 2/g - n/10*9?
4
Let i(o) be the first derivative of 11*o - 1/4*o**4 - 1 + 3*o**3 - 7/2*o**2. What is the units digit of i(7)?
0
Suppose -13 = -9*z + 23. Suppose z*i = 8*i - 12. Suppose 41 = i*p + 2*x - 150, p - 57 = -2*x. What is the tens digit of p?
6
Suppose -2726 = -j - 3*q + 20860, -2*j + 47122 = -4*q. What is the units digit of j?
1
Suppose 3*p = -6 - 3. Let y(n) = 3*n**2 + 6*n + 7. Let m be y(p). Let z = 0 + m. What is the units digit of z?
6
Let b(w) = -47*w**2 + 11*w - 10. Let m(v) = 24*v**2 - 6*v + 6. Let u(k) = -3*b(k) - 5*m(k). What is the tens digit of u(-3)?
9
Let m = -5 - -6. What is the tens digit of (-3 - -13)*(8/5)/m?
1
Suppose -n + 3*v + 205 = -3*n, n = -v - 105. Let a = -82 - -30. Let r = a - n. What is the units digit of r?
8
Let b = 476 + -181. Suppose 149 = -3*g + 3*q + 386, 0 = -4*g - 3*q + b. Let i = 203 - g. What is the units digit of i?
7
Let c be 4 + -7 + 14 + -6. Suppose -c*o = -4*k - 75, 4*o + 3*k = -2 + 62. What is the tens digit of o?
1
Let y = -19 + 46. Suppose 4*d - 3*i - y = 0, -4*i - 15 = d - 4*d. Suppose h - 4*j + d*j = -18, 3*h - 3*j = 36. What is the units digit of h?
7
Let h(c) be the third derivative of 2*c**4/3 + 39*c**3/2 - 136*c**2. What is the units digit of h(-7)?
5
Let i be (-6)/24 + (13/4 - 1). Suppose 0 = x - i*c + c - 30, 63 = 2*x + c. Suppose 3*k - 71 = x. What is the tens digit of k?
3
What is the hundreds digit of 57/(-57) - ((-9180 - (-1 - 0)) + 0)?
1
What is the hundreds digit of (6/(-27) - 1508/2610) + 694902/15?
3
Let q(n) = n**3 + 23*n**2 + 2*n - 59. Let v(z) = -3*z**3 - 47*z**2 - 6*z + 117. Let g(r) = 5*q(r) + 2*v(r). What is the tens digit of g(19)?
2
Let o be 2 - 4 - ((-35)/5 - 0). Suppose -13*j + o*j = -2800. What is the units digit of j?
0
Let p(b) = 2*b**3 - 4*b**2 + 9*b - 14. Let m be p(2). Suppose 4*z - w = 3689, -z = -4*z - m*w + 2762. What is the hundreds digit of z?
9
Let v = -4430 + 4823. What is the tens digit of v?
9
Let c = -1464 - -3066. Suppose 1782 = 18*q - c. What is the tens digit of q?
8
Let n = -8692 + 10455. What is the thousands digit of n?
1
Suppose -2516 - 184 = -6*g. Suppose 0*u = 2*u + y - 178, 5*u + 5*y - g = 0. What is the units digit of u?
8
Let t(n) = 3212*n - 7194. What is the units digit of t(12)?
0
Suppose 3*b = 3*d + 178 + 68, -3*b = 3*d - 276. Suppose -5*i - 2*y + 1633 + b = 0, -4*i + 1363 = -y. What is the units digit of i?
2
What is the tens digit of 26076/(-328)*(0 - 6108/9)?
5
What is the units digit of (-6)/(-120)*61362 - (-3)/(-30)?
8
Let n = 52 - 48. Let f be n + (-1 - (4 - 8)). Suppose 81 = f*g - 87. What is the units digit of g?
4
Let v(y) = -2*y**2 + 23*y - 16. Let k be v(12). Let s be ((-62)/4)/(2/(-8)). Let l = k + s. What is the tens digit of l?
3
Let o = 39 - 51. Let p = 16 + o. Suppose -2*h + 130 = -4*l, -4*l + 166 + 34 = p*h. What is the units digit of h?
5
Let w = 2426 + -1518. Suppose 1302 = 5*f - w. What is the units digit of f?
2
Let d = -164 + 437. Suppose 3*r + d = k, -k = k - r - 566. What is the units digit of k?
5
Let i(u) = -7*u + 7206. What is the units digit of i(0)?
6
Suppose -2296560 = 3043*u - 3113*u. What is the ten thousands digit of u?
3
Let t(s) = -5*s - 4. Let p be t(-3). Let g(c) = 13*c**2 - 12*c**2 - 5*c + 11 - 10. What is the units digit of g(p)?
7
Suppose 18 = -5*n - 3*l - 3, l + 27 = -5*n. Let b be (-11 + 8)*(-1 + 4/n). What is the tens digit of (-30)/4*(-10)/b?
1
Suppose 4*x - 9991 = -8079. Let z = 2 + 2. Suppose j = 5*c - 2*j - x, z*j = -4*c + 376. What is the units digit of c?
5
Let r be 15449/8 + (-2)/16. Let y = r + -1200. Suppose -6*l + y + 151 = 0. What is the tens digit of l?
4
Let j(i) = 4*i**3 - 5*i**2 + 13*i + 2. Let s = 191 - 186. What is the tens digit of j(s)?
4
Suppose 3*o - 2*z - 120 = 2*o, 0 = -3*o - 5*z + 404. Let n be 3 + -10 - (-5 - 5). Suppose -n*t + o = -0*f + 4*f, t + f = 44. What is the units digit of t?
8
Let r(o) = o + 26*o**2 - 2 + o - 24*o**2. What is the units digit of r(-2)?
2
Let w(m) be the first derivative of -m**3/3 + 26*m**2 + 37*m + 195. What is the tens digit of w(30)?
9
Let g be 6*332*(-1)/(-4). Let k = 1002 - g. What is the tens digit of k?
0
Let l = -212 - -5. Let m = l + 580. What is the tens digit of m?
7
Let q be (-24)/36 - 32/6. Let u(r) = -15*r + 25. What is the units digit of u(q)?
5
Suppose 3 = -z, 2*i - 3*z + 17 = 40. Let a be 1*-1 - 82/(-2). Suppose -6*k + i*k = a. What is the units digit of k?
0
Let x(t) = -2*t + 6*t**2 + 734*t**3 + 1 - 735*t**3 + 6*t**2. Let u be x(9). Suppose -1078 = -6*j - u. What is the tens digit of j?
4
Let l = -7346 - -12238. What is the units digit of l?
2
Suppose -3*j + f + 4 + 1 = 0, -10 = 3*j + 2*f